{"version":"1.0","provider_name":"Creative Ellie","provider_url":"https:\/\/creativeellie.cafeblog.hu","author_name":"creative ellie","author_url":"https:\/\/creativeellie.cafeblog.hu\/author\/creative_ellie\/","title":"B\u00e9bi d\u00edn\u00f3 b\u00e9biknek","html":"<p>Egy h\u00e1rom h\u00f3napos kisfi\u00fanak k\u00e9sz\u00edtettem aj\u00e1nd\u00e9kba ezt a d\u00edn\u00f3t. Az\u00e9rt nincs szeme, nehogy a kicsi ler\u00e1ghassa. Nagyobb gyerekeknek m\u00e1r nyugodtan varrhatunk szemet is a d\u00edn\u00f3ra.<\/p>\r\n<p>A szab\u00e1sminta <a href=\"http:\/\/firstdayofmae.blogspot.hu\/2013\/05\/baby-dino-pattern.html\" target=\"_blank\" rel=\"noopener noreferrer\">innen<\/a> van, csak kicsit \u00e1talak\u00edtottam. Az eredeti d\u00edn\u00f3nak l\u00f3g a feje. \u00c9n olyat szerettem volna ami felfel\u00e9 n\u00e9z.<\/p>\r\n<p>&nbsp;<\/p>\r\n<p><img class=\"size-full wp-image-445 aligncenter\" src=\"https:\/\/creativeellie.cafeblog.hu\/files\/2017\/06\/IMG_20170613_170811.jpg\" alt=\"\" width=\"640\" height=\"480\" \/><\/p>\r\n<p>&nbsp;<\/p>\r\n<p><img class=\"size-full wp-image-446 aligncenter\" src=\"https:\/\/creativeellie.cafeblog.hu\/files\/2017\/06\/IMG_20170613_200336.jpg\" alt=\"\" width=\"640\" height=\"370\" \/><\/p>\r\n<p>&nbsp;<\/p>\r\n<p>\u00d6sszegombost\u0171ztem a k\u00e9t r\u00e9teget, azt\u00e1n elkezdtem \u00f6sszevarrni \u0151ket. A farok \u00e9s a h\u00e1ts\u00f3 l\u00e1b tal\u00e1lkoz\u00e1s\u00e1t\u00f3l indultam k\u00f6rbe, kb a nyak fels\u0151 v\u00e9g\u00e9ig.<\/p>\r\n<p><img class=\"size-full wp-image-447 aligncenter\" src=\"https:\/\/creativeellie.cafeblog.hu\/files\/2017\/06\/IMG_20170613_200409.jpg\" alt=\"\" width=\"640\" height=\"348\" \/><\/p>\r\n<p>&nbsp;<\/p>\r\n<p>Lev\u00e1gtam a szalagokat, kb 14 cm egy darab. Tehet\u00fcnk t\u00f6bbet is a d\u00edn\u00f3nkra, de \u00f6ttel m\u00e1r j\u00f3l mutat.<\/p>\r\n<p><img class=\"size-full wp-image-448 aligncenter\" src=\"https:\/\/creativeellie.cafeblog.hu\/files\/2017\/06\/IMG_20170613_200440.jpg\" alt=\"\" width=\"640\" height=\"464\" \/><\/p>\r\n<p>&nbsp;<\/p>\r\n<p>F\u00e9lbehajtva a k\u00e9t r\u00e9teg k\u00f6z\u00e9 dugtam a szalagokat, egym\u00e1st\u00f3l nagyj\u00e1b\u00f3l ugyanakkora t\u00e1vols\u00e1gra \u00e9s minden szalagot \u00f6sszevarrtam a r\u00e9tegekkel. \u00c9rdemes a k\u00f6z\u00e9ps\u0151t bevarrni el\u0151sz\u00f6r, akkor az biztos, hogy k\u00f6z\u00e9pre ker\u00fcl.<\/p>\r\n<p><img class=\"size-full wp-image-449 aligncenter\" src=\"https:\/\/creativeellie.cafeblog.hu\/files\/2017\/06\/IMG_20170613_200506.jpg\" alt=\"\" width=\"640\" height=\"327\" \/><\/p>\r\n<p>&nbsp;<\/p>\r\n<p>Nem l\u00e1tszik t\u00fal j\u00f3l a k\u00e9pen, de a szalagokat a h\u00e1ta varr\u00e1svonal f\u00f6l\u00f6tt varrtam, \u00e9s mindegyiken kb h\u00e1romszor \u00e1tmentem, hogy biztosan ne szakadjon ki ha a kisgyerek r\u00e1ngatja.<\/p>\r\n<p><img class=\"size-full wp-image-450 aligncenter\" src=\"https:\/\/creativeellie.cafeblog.hu\/files\/2017\/06\/IMG_20170613_200534.jpg\" alt=\"\" width=\"640\" height=\"283\" \/><\/p>\r\n<p>&nbsp;<\/p>\r\n<p>Azt\u00e1n a nyak\u00e1t\u00f3l a farka tetej\u00e9ig is v\u00e9gigvarrtam. Arra m\u00e1r kor\u00e1bbi d\u00edn\u00f3kn\u00e1l r\u00e1j\u00f6ttem, hogy \u00fagy a legjobb, ha a farka alj\u00e1n\u00e1l hagyunk r\u00e9st a kiford\u00edt\u00e1shoz \u00e9s t\u00f6m\u00e9shez.<\/p>\r\n<p><img class=\"size-full wp-image-451 aligncenter\" src=\"https:\/\/creativeellie.cafeblog.hu\/files\/2017\/06\/IMG_20170613_200603.jpg\" alt=\"\" width=\"640\" height=\"374\" \/><\/p>\r\n<p>&nbsp;<\/p>\r\n<p>Kiford\u00edt\u00e1s ut\u00e1n:<\/p>\r\n<p><img class=\"size-full wp-image-452 aligncenter\" src=\"https:\/\/creativeellie.cafeblog.hu\/files\/2017\/06\/IMG_20170613_200637.jpg\" alt=\"\" width=\"640\" height=\"423\" \/><\/p>\r\n<p>T\u00f6m\u00e9s k\u00f6zben:<\/p>\r\n<p><img class=\"size-full wp-image-453 aligncenter\" src=\"https:\/\/creativeellie.cafeblog.hu\/files\/2017\/06\/IMG_20170614_073225.jpg\" alt=\"\" width=\"640\" height=\"482\" \/><\/p>\r\n<p>&nbsp;<\/p>\r\n<p>A r\u00e9st rejtett \u00f6lt\u00e9sekkel \u00f6sszevarrjuk \u00e9s k\u00e9sz a cuki d\u00edn\u00f3nk :) Kb 25 cm hossz\u00fa \u00e9s 12 cm magas, plusz a szalagok.<\/p>\r\n<p><img class=\"size-full wp-image-461 aligncenter\" src=\"https:\/\/creativeellie.cafeblog.hu\/files\/2017\/06\/IMG_20170614_073250.jpg\" alt=\"\" width=\"640\" height=\"426\" \/><\/p>\r\n<p><img class=\"size-full wp-image-462 aligncenter\" src=\"https:\/\/creativeellie.cafeblog.hu\/files\/2017\/06\/IMG_20170614_073335.jpg\" alt=\"\" width=\"619\" height=\"350\" \/><\/p>\r\n<p>&nbsp;<\/p>\r\n<p style=\"text-align: center\">Kor\u00e1bbi d\u00edn\u00f3im<\/p>\r\n<p>L\u00e1nyos sz\u00ednben:<\/p>\r\n<p><img class=\"size-full wp-image-457 aligncenter\" src=\"https:\/\/creativeellie.cafeblog.hu\/files\/2017\/06\/FB_IMG_1497383062619_20170614085333224.jpg\" alt=\"\" width=\"720\" height=\"540\" \/><\/p>\r\n<p>Tes\u00f3knak ugyanolyan k\u00e9sz\u00fclt, csak m\u00e1s sorrendben vannak a szalagok, illetve a fi\u00fak monogramja is r\u00e1ker\u00fclt, hogy tudj\u00e1k melyik ki\u00e9.<\/p>\r\n<p><img class=\"size-full wp-image-458 aligncenter\" src=\"https:\/\/creativeellie.cafeblog.hu\/files\/2017\/06\/FB_IMG_1497383069502_20170614085632430.jpg\" alt=\"\" width=\"720\" height=\"540\" \/><\/p>\r\n<p>&nbsp;<\/p>\r\n<p><img class=\"size-full wp-image-459 aligncenter\" src=\"https:\/\/creativeellie.cafeblog.hu\/files\/2017\/06\/IMG_20170614_085847.jpg\" alt=\"\" width=\"720\" height=\"518\" \/><\/p>\r\n<p>&nbsp;<\/p>","type":"rich"}

Bébi dínó bébiknek

<p>Egy három hónapos kisfiúnak készítettem ajándékba ezt a dínót. Azért nincs szeme, nehogy a kicsi lerághassa. Nagyobb gyerekeknek már nyugodtan varrhatunk szemet is a dínóra.</p>
<p>A szabásminta <a href="http://firstdayofmae.blogspot.hu/2013/05/baby-dino-pattern.html" target="_blank" rel="noopener noreferrer">innen</a> van, csak kicsit átalakítottam. Az eredeti dínónak lóg a feje. Én olyat szerettem volna ami felfelé néz.</p>
<p>&nbsp;</p>
<p><img class="size-full wp-image-445 aligncenter" src="https://creativeellie.cafeblog.hu/files/2017/06/IMG_20170613_170811.jpg" alt="" width="640" height="480" /></p>
<p>&nbsp;</p>
<p><img class="size-full wp-image-446 aligncenter" src="https://creativeellie.cafeblog.hu/files/2017/06/IMG_20170613_200336.jpg" alt="" width="640" height="370" /></p>
<p>&nbsp;</p>
<p>Összegombostűztem a két réteget, aztán elkezdtem összevarrni őket. A farok és a hátsó láb találkozásától indultam körbe, kb a nyak felső végéig.</p>
<p><img class="size-full wp-image-447 aligncenter" src="https://creativeellie.cafeblog.hu/files/2017/06/IMG_20170613_200409.jpg" alt="" width="640" height="348" /></p>
<p>&nbsp;</p>
<p>Levágtam a szalagokat, kb 14 cm egy darab. Tehetünk többet is a dínónkra, de öttel már jól mutat.</p>
<p><img class="size-full wp-image-448 aligncenter" src="https://creativeellie.cafeblog.hu/files/2017/06/IMG_20170613_200440.jpg" alt="" width="640" height="464" /></p>
<p>&nbsp;</p>
<p>Félbehajtva a két réteg közé dugtam a szalagokat, egymástól nagyjából ugyanakkora távolságra és minden szalagot összevarrtam a rétegekkel. Érdemes a középsőt bevarrni először, akkor az biztos, hogy középre kerül.</p>
<p><img class="size-full wp-image-449 aligncenter" src="https://creativeellie.cafeblog.hu/files/2017/06/IMG_20170613_200506.jpg" alt="" width="640" height="327" /></p>
<p>&nbsp;</p>
<p>Nem látszik túl jól a képen, de a szalagokat a háta varrásvonal fölött varrtam, és mindegyiken kb háromszor átmentem, hogy biztosan ne szakadjon ki ha a kisgyerek rángatja.</p>
<p><img class="size-full wp-image-450 aligncenter" src="https://creativeellie.cafeblog.hu/files/2017/06/IMG_20170613_200534.jpg" alt="" width="640" height="283" /></p>
<p>&nbsp;</p>
<p>Aztán a nyakától a farka tetejéig is végigvarrtam. Arra már korábbi dínóknál rájöttem, hogy úgy a legjobb, ha a farka aljánál hagyunk rést a kifordításhoz és töméshez.</p>
<p><img class="size-full wp-image-451 aligncenter" src="https://creativeellie.cafeblog.hu/files/2017/06/IMG_20170613_200603.jpg" alt="" width="640" height="374" /></p>
<p>&nbsp;</p>
<p>Kifordítás után:</p>
<p><img class="size-full wp-image-452 aligncenter" src="https://creativeellie.cafeblog.hu/files/2017/06/IMG_20170613_200637.jpg" alt="" width="640" height="423" /></p>
<p>Tömés közben:</p>
<p><img class="size-full wp-image-453 aligncenter" src="https://creativeellie.cafeblog.hu/files/2017/06/IMG_20170614_073225.jpg" alt="" width="640" height="482" /></p>
<p>&nbsp;</p>
<p>A rést rejtett öltésekkel összevarrjuk és kész a cuki dínónk :) Kb 25 cm hosszú és 12 cm magas, plusz a szalagok.</p>
<p><img class="size-full wp-image-461 aligncenter" src="https://creativeellie.cafeblog.hu/files/2017/06/IMG_20170614_073250.jpg" alt="" width="640" height="426" /></p>
<p><img class="size-full wp-image-462 aligncenter" src="https://creativeellie.cafeblog.hu/files/2017/06/IMG_20170614_073335.jpg" alt="" width="619" height="350" /></p>
<p>&nbsp;</p>
<p style="text-align: center">Korábbi dínóim</p>
<p>Lányos színben:</p>
<p><img class="size-full wp-image-457 aligncenter" src="https://creativeellie.cafeblog.hu/files/2017/06/FB_IMG_1497383062619_20170614085333224.jpg" alt="" width="720" height="540" /></p>
<p>Tesóknak ugyanolyan készült, csak más sorrendben vannak a szalagok, illetve a fiúk monogramja is rákerült, hogy tudják melyik kié.</p>
<p><img class="size-full wp-image-458 aligncenter" src="https://creativeellie.cafeblog.hu/files/2017/06/FB_IMG_1497383069502_20170614085632430.jpg" alt="" width="720" height="540" /></p>
<p>&nbsp;</p>
<p><img class="size-full wp-image-459 aligncenter" src="https://creativeellie.cafeblog.hu/files/2017/06/IMG_20170614_085847.jpg" alt="" width="720" height="518" /></p>
<p>&nbsp;</p>
